base 9) to base 7
-352
Convert -2 (base 10) to base 5.
-2
What is 1442 (base 6) in base 10?
386
-104 (base 9) to base 11
-78
Convert 314 (base 7) to base 15.
a8
What is -a (base 11) in base 9?
-11
What is -4 (base 12) in base 4?
-10
252 (base 7) to base 6
343
35 (base 13) to base 11
40
Convert 1003 (base 4) to base 2.
1000011
0 (base 2) to base 9
0
4 (base 16) to base 10
4
Convert 99 (base 15) to base 16.
90
Convert -13 (base 4) to base 12.
-7
What is -1 (base 15) in base 6?
-1
What is -10 (base 6) in base 5?
-11
10101 (base 2) to base 10
21
Convert 3 (base 11) to base 3.
10
What is 62 (base 7) in base 13?
35
3a (base 11) to base 6
111
3 (base 15) to base 10
3
Convert -4 (base 15) to base 14.
-4
142 (base 8) to base 13
77
Convert -14 (base 11) to base 6.
-23
What is -1 (base 12) in base 13?
-1
What is -4 (base 10) in base 14?
-4
What is 10100 (base 2) in base 10?
20
Convert -1111 (base 2) to base 3.
-120
-1 (base 10) to base 9
-1
-1 (base 9) to base 10
-1
What is -3 (base 13) in base 10?
-3
What is 29 (base 11) in base 6?
51
What is -4 (base 9) in base 7?
-4
What is 1c (base 16) in base 3?
1001
1 (base 11) to base 13
1
Convert -3 (base 8) to base 15.
-3
Convert 24 (base 12) to base 8.
34
What is -1 (base 15) in base 9?
-1
-1 (base 6) to base 12
-1
What is 2 (base 8) in base 16?
2
Convert -9 (base 11) to base 13.
-9
What is -11 (base 2) in base 3?
-10
Convert -4 (base 16) to base 6.
-4
Convert -63 (base 10) to base 12.
-53
What is 29 (base 13) in base 15?
25
400 (base 7) to base 10
196
Convert -1001 (base 2) to base 10.
-9
-12 (base 7) to base 15
-9
What is 7 (base 14) in base 6?
11
-2 (base 3) to base 6
-2
86 (base 9) to base 15
53
What is -2 (base 6) in base 8?
-2
-14 (base 11) to base 10
-15
What is 17 (base 11) in base 4?
102
3122 (base 4) to base 16
da
-6 (base 9) to base 10
-6
What is 0 (base 5) in base 15?
0
Convert -1 (base 3) to base 9.
-1
-50 (base 7) to base 5
-120
Convert 202 (base 5) to base 13.
40
Convert 223 (base 4) to base 15.
2d
Convert -45 (base 8) to base 6.
-101
-8 (base 11) to base 7
-11
What is -2 (base 4) in base 7?
-2
What is -44 (base 5) in base 11?
-22
3 (base 6) to base 11
3
Convert -36 (base 15) to base 7.
-102
-13 (base 12) to base 11
-14
What is -101 (base 2) in base 15?
-5
What is -18 (base 14) in base 9?
-24
Convert 122 (base 6) to base 12.
42
What is -7 (base 8) in base 13?
-7
3 (base 7) to base 4
3
What is 4a (base 11) in base 10?
54
Convert 6 (base 16) to base 7.
6
Convert -61 (base 13) to base 6.
-211
Convert -1 (base 2) to base 15.
-1
-1 (base 7) to base 14
-1
Convert -17 (base 16) to base 3.
-212
Convert -4 (base 15) to base 13.
-4
Convert 2 (base 10) to base 6.
2
4 (base 7) to base 12
4
What is 1222 (base 6) in base 14?
178
What is -9 (base 13) in base 15?
-9
What is 0 (base 7) in base 5?
0
Convert -a (base 12) to base 7.
-13
What is 2 (base 8) in base 4?
2
-1 (base 11) to base 15
-1
-22 (base 4) to base 11
-a
Convert 0 (base 16) to base 7.
0
Convert 18 (base 16) to base 2.
11000
What is 1 (base 3) in base 13?
1
What is 20 (base 12) in base 4?
120
What is -4 (base 5) in base 9?
-4
-3 (base 16) to base 13
-3
Convert -4 (base 10) to base 14.
-4
Convert -2 (base 8) to base 4.
-2
What is 232 (base 11) in base 3?
101021
-100 (base 8) to base 13
-4c
What is 9 (base 15) in base 6?
13
Convert 0 (base 11) to base 9.
0
7 (base 16) to base 11
7
-131 (base 6) to base 11
-50
Convert 2120 (base 3) to base 2.
1000101
What is -17 (base 12) in base 15?
-14
What is -131 (base 7) in base 8?
-107
What is 100010 (base 2) in base 16?
22
Convert -15 (base 16) to base 4.
-111
Convert -54 (base 6) to base 11.
-31
What is -6c (base 14) in base 16?
-60
What is 2 (base 10) in base 14?
2
1 (base 2) to base 5
1
Convert -165 (base 9) to base 13.
-aa
What is 4 (base 6) in base 5?
4
67 (base 8) to base 13
43
What is -12 (base 10) in base 8?
-14
Convert d6 (base 14) to base 12.
138
What is 0 (base 8) in base 10?
0
Convert -3 (base 13) to base 16.
-3
What is 42 (base 15) in base 13?
4a
59 (base 16) to base 4
1121
What is 3 (base 6) in base 14?
3
Convert d (base 15) to base 5.
23
What is c (base 13) in base 4?
30
1 (base 14) to base 2
1
14 (base 16) to base 14
16
Convert 44 (base 8) to base 11.
33
What is 141 (base 16) in base 8?
501
205 (base 12) to base 7
566
Convert 2 (base 4) to base 12.
2
What is e4 (base 15) in base 11?
185
What is -3 (base 13) in base 16?
-3
What is -54 (base 6) in base 8?
-42
Convert 11 (base 3) to base 13.
4
Convert 9 (base 16) to base 11.
9
What is -8 (base 16) in base 3?
-22
-3 (base 6) to base 8
-3
Convert 3 (base 10) to base 13.
3
Convert 2e (base 15) to base 12.
38
What is 41 (base 15) in base 10?
61
Convert 28 (base 12) to base 2.
100000
-2 (base 16) to base 11
-2
-1 (base 2) to base 9
-1
Convert 222 (base 4) to base 8.
52
Convert -22 (base 14) to base 15.
-20
-26 (base 7) to base 12
-18
-22212 (base 3) to base 10
-239
What is -220 (base 10) in base 7?
-433
Convert -11 (base 10) to base 2.
-1011
What is -7 (base 12) in base 3?
-21
What is -1 (base 10) in base 4?
-1
What is 112 (base 3) in base 8?
16
8 (base 16) to base 12
8
What is -20 (base 5) in base 10?
-10
What is 7 (base 9) in base 4?
13
12 (base 3) to base 4
11
What is 9 (base 15) in base 8?
11
-1 (base 9) to base 4
-1
-3 (base 11) to base 3
-10
Convert 14 (base 14) to base 12.
16
2 (base 9) to base 2
10
Convert 24 (base 10) to base 4.
120
What is 2 (base 5) in base 3?
2
What is -1 (base 11) in base 4?
-1
What is -9 (base 11) in base 14?
-9
-4 (base 5) to base 16
-4
Convert 26 (base 10) to base 2.
11010
Convert -100 (base 2) to base 15.
-4
What is -11 (base 5) in base 16?
-6
What is -182 (base 11) in base 14?
-111
Convert -30 (base 6) to base 9.
-20
6 (base 10) to base 11
6
Convert -1 (base 13) to base 2.
-1
-1 (base 11) to base 6
-1
213 (base 5) to base 12
4a
-14 (base 12) to base 13
-13
-2 (base 4) to base 2
-10
1 (base 9) to base 10
1
268 (base 11) to base 12
224
Convert -1 (base 9) to base 16.
-1
Convert -1 (base 14) to base 16.
-1
What is 23 (base 7) in base 11?
16
Convert 4 (base 7) to base 11.
4
Convert 40 (base 11) to base 8.
54
Convert 2 (base 15) to base 9.
2
What is -1000 (base 2) in base 5?
-13
What is 4 (base 8) in base 10?
4
-51 (base 7) to base 6
-100
What is 5 (base 10) in base 3?
12
What is -4 (base 7) in base 5?
-4
2 (base 11) to base 7
2
Convert 3 (base 6) to base 3.
10
What is -1 (base 11) in base 13?
-1
What is -12122 (base 3) in base 9?
-178
Convert -2 (base 11) to base 6.
-2
Convert 351 (base 7) to base 15.
c3
133 (base 4) to base 14
23
What is -1001 (base 2) in base 15?
-9
What is 31 (base 4) in base 5?
23
2103 (base 4) to base 7
300
What is -38 (base 13) in base 10?
-47
Convert -12 (base 3) to base 12.
-5
Convert -20 (base 6) to base 15.
-c
-b (base 15) to base 10
-11
What is -8c (base 13) in base 8?
-164
What is 1 (base 3) in base 11?
1
What is 6 (base 8) in base 10?
6
What is -140 (base 8) in base 6?
-240
What is 0 (base 6) in base 14?
0
What is -103 (base 7) in base 12?
-44
0 (base 9) to base 12
0
-11 (base 15) to base 12
-14
Convert -b3 (base 12) to base 14.
-99
What is -1053 (base 6) in base 3?
-100020
What is -1132 (base 4) in base 8?
-136
1a9 (base 11) to base 14
132
Convert -3 (base 9) to base 4.
-3
-2 (base 9) to base 15
-2
Convert -21 (base 6) to base 15.
-d
What is 11 (base 7) in base 15?
8
Convert -2f (base 16) to base 14.
-35
What is 205 (base 7) in base 2?
1100111
Convert 21 (base 5) to base 15.
b
What is -10000 (base 2) in base 16?
-10
Convert 1 (base 14) to base 8.
1
What is -2 (base 12) in base 15?
-2
Convert -11 (base 5) to base 9.
-6
Convert -1 (base 6) to base 11.
-1
-11 (base 2) to base 3
-10
Convert 5 (base 16) to base 3.
12
Convert 1 (base 7) to base 12.
1
What is -101 (base 2) in base 12?
-5
What is 66 (base 10) in base 16?
42
What is -4 (base 6) in base 2?
-100
-54 (base 10) to base 9
-60
What is -73 (base 9) in base 16?
-42
What is 4 (base 13) in base 14?
4
81 (base 14) to base 11
a3
-4 (base 5) to base 7
-4
Convert -182 (base 10) to base 5.
-1212
What is -5 (base 11) in base 13?
-5
What is -11b (base 12) in base 3?
-20012
Convert -5 (base 12) to base 16.
-5
Convert 13 (base 4) to base 9.
7
Convert 27 (base 10) to base 4.
123
What is 2 (base 15) in base 16?
2
Convert 31 (base 8) to base 9.
27
-2d (